is the greatest common divisor of 88 and c?
22
Let j(c) = -15*c - 82. Let b be j(-15). What is the greatest common divisor of b and 13?
13
Let h(l) = 16*l + 6. Let p be h(3). Suppose -2*w + 4 = -4*v, 3*v + 5*w - 21 = 2*v. Suppose -j + v + 5 = 0. Calculate the highest common factor of p and j.
6
Let u = 6 - 3. Suppose 5*i - 36 = -u*k + 14, -24 = -2*i - 2*k. Let b be (-56)/6*(-18)/4. Calculate the highest common factor of i and b.
7
Let r(k) = 34*k**2 + k - 1. Let o be r(1). Let g = o - 29. Suppose g*u = 43 + 27. What is the greatest common divisor of u and 21?
7
Suppose 2*h + 5*a - 43 = 0, -4*h - a = -48 - 11. What is the greatest common divisor of h and 7?
7
Let w be (-86623)/(-206) + (-14)/(-4). What is the greatest common divisor of 16 and w?
8
Suppose 61 = 4*b - 323. Let n = 23 + 9. What is the highest common factor of b and n?
32
Let w(n) = -n**2 + 5*n + 2. Let z be w(4). Let v = -3 - -8. Suppose f + 2*l + 196 = v*f, -5*l - 202 = -4*f. What is the greatest common factor of z and f?
6
Suppose 4*l - 2*l = -2*u + 2, 0 = -3*l - u + 5. Suppose -42 + 2 = -5*c. Calculate the greatest common factor of l and c.
2
Let h(l) = l**3 - 18*l**2 - 19*l + 7. Let f be h(19). Calculate the highest common factor of 910 and f.
7
Let m be 10/(-575)*-5 + (-25746)/(-161). What is the greatest common divisor of m and 10?
10
Suppose -484*p + 285 = -479*p. Calculate the highest common divisor of p and 323.
19
Let i be ((-4)/(-6) - 0) + (-16)/6. Let k(m) = 5*m**2 + 2*m + 5. Let j be k(i). Calculate the greatest common divisor of 84 and j.
21
Suppose -24*u + 15*u = -117. Calculate the highest common divisor of u and 13.
13
Suppose b = 5 - 3. Suppose 5*v - 25 = 0, -3*w + 0*w = b*v - 106. What is the highest common factor of w and 48?
16
Suppose -1389 = -30*r + 1011. What is the highest common factor of 112 and r?
16
Let g = -23 - -118. Let a = -5576 - -5595. Calculate the highest common divisor of a and g.
19
Suppose -2*m + 75 = -5*m. Let h = 51 + m. What is the highest common divisor of 156 and h?
26
Suppose -6 = -5*k + 19. Suppose -4*u = d - 4 - 9, 5*d - 15 = k*u. What is the greatest common divisor of d and 25?
5
Let l = 66 - 9. Let b = 72 - l. Let q be (-1 + -1)/(2/(-5)). What is the greatest common factor of b and q?
5
Let y be 1/(-2) + 310/20. What is the highest common factor of 255 and y?
15
Suppose 10 = p - h - 15, 4*p + 3*h = 114. What is the greatest common divisor of p and 27?
27
Let z be 3 + (1 - -12) + (-8)/4. What is the greatest common divisor of z and 378?
14
Suppose 3*z + 4*r - 6 = 0, -22*z - 5*r = -23*z + 2. What is the greatest common factor of z and 2?
2
Let w = -141 - -143. Suppose 0 = o - w*v - 134 - 192, -5*v - 1298 = -4*o. Calculate the highest common factor of 46 and o.
46
Suppose -54 = -18*y + 12*y. What is the highest common factor of 27 and y?
9
Let h be (1/3)/((-2)/(-12)). Let d(n) = 193*n**h + 2*n + 3 - n**3 - 193*n**2. Let y be d(-3). Calculate the greatest common divisor of y and 24.
24
Suppose 2*n = -2*n - 56. Let s be 2 + -4 - (n - -3). Calculate the greatest common factor of 3 and s.
3
Let j(d) = -5*d. Let h be j(-2). Let n be (-45)/(-10)*132/297. Calculate the greatest common factor of n and h.
2
Let p = 11 - -12. Let l be 1 + -4 - (-1541)/p. Calculate the greatest common factor of 96 and l.
32
Let c(o) = o + 1. Let i be c(3). Suppose 10*y - 116 = i. Calculate the greatest common divisor of 96 and y.
12
Suppose -6*j = t - 2*j + 1, -3*j + 1 = -t. Let r be (t*14)/(0 + -2). Calculate the highest common factor of r and 7.
7
Let s be -4*(-139)/4*(2 + 1). Let p(n) = -23*n**3 - 2*n**2 + 3*n - 1. Let c be p(-3). Let v = c - s. Calculate the highest common factor of v and 22.
22
Let l be 426/15 + -5 - 6/15. Calculate the greatest common factor of 115 and l.
23
Suppose -8 = -10*z + 32. Calculate the highest common factor of z and 5.
1
Suppose -19 = -5*l + 6. Suppose 5*d - l*i = -10, 4*d - 14 = -3*i + 6. What is the highest common factor of d and 10?
2
Suppose -6 = 2*n, -9*s + 7*s + 508 = 4*n. Calculate the greatest common divisor of s and 20.
20
Suppose 4*v + 2*h = -46 + 268, 5*v - 285 = 5*h. What is the highest common factor of v and 616?
56
Let y(n) = n + 1. Let u(o) = o + 2. Let r(q) = u(q) - 2*y(q). Let p be r(-2). Suppose 3 - 29 = -p*v. Calculate the greatest common factor of v and 13.
13
Let q be 47 + 3 + 1 + (1 - -1). Suppose q = 7*l - 10. What is the greatest common divisor of l and 117?
9
Suppose -m + 1 = 4*g, -4*g - 28 = -4*m - 84. Let v = 15 + m. Suppose 3*j - 68 = j - v*z, 76 = 4*j - 4*z. What is the highest common factor of 72 and j?
24
Let w be (-6)/8 - 5698/(-88). What is the greatest common factor of 352 and w?
32
Let d(q) = -2*q + 2. Suppose -4 = -2*k + 6. Suppose m + k*j = -30, 0 + 10 = -m - j. Let l be d(m). Calculate the greatest common divisor of l and 48.
12
Let t = 6 - 4. Let q = 34 + -31. Let r(p) = -p**3 + 4*p**2 - 2*p - 2. Let d be r(q). What is the greatest common factor of d and t?
1
Suppose 256 = -2*u + 4*u. Let w be 4/(-5)*20/(-1). Calculate the highest common factor of u and w.
16
Suppose 5*s = -3*a + 10 + 50, 0 = -5*s - 2*a + 60. Suppose s*z - 10*z - 58 = 0. What is the greatest common divisor of z and 261?
29
Suppose -2*c = -3*t - 218, 4*t - 3*t + 82 = -4*c. Let o = t + 108. Suppose d - o = -13. Calculate the highest common divisor of 231 and d.
21
Let z = 52 - -8. Suppose 3*x - 15 - z = 0. Let t(m) = -m**3 + 12*m**2 + 5. Let n be t(12). Calculate the highest common divisor of n and x.
5
Let i = 96 + -66. Let y = i + -12. Calculate the greatest common factor of y and 45.
9
Let m(y) = -y**3 + y + y**2 + 1167 + 0*y - 3*y - 1077. Let x be m(0). Calculate the highest common divisor of 18 and x.
18
Suppose 52 - 36 = 4*s. Suppose 5*o + 5 = 0, s*o - 12 - 53 = -3*c. What is the highest common factor of 207 and c?
23
Suppose -5*a + 11 = 4*l - 7*l, -2*a = 4*l - 20. Let x(c) = 2*c + 7*c**2 - a*c**2 + 0*c. Let j be x(-2). What is the highest common divisor of 56 and j?
8
Let m be 2/4*(-3 - -1). Let t be (9 - m)/(-2)*-2. Let a = t - 4. What is the highest common divisor of a and 6?
6
Let a = 1540 + -1462. What is the highest common divisor of a and 65?
13
Let t = -80 - -72. Let z be 5 + (t - -2) - -7. Calculate the highest common factor of 66 and z.
6
Let k = -4 - -17. Suppose -d + 2 = 0, -4*r + 2*d + 2*d + 512 = 0. What is the greatest common factor of k and r?
13
Let m be 0/(-3) + -2 - -2. Suppose m = -3*u + f - 6*f - 270, 0 = 4*f. Let v be u*((-2)/3 + 0). What is the greatest common factor of v and 15?
15
Let j = 1033 + -685. What is the highest common factor of j and 12?
12
Let l be (2/6*3)/(2/4). Suppose 208 = 2*p - l*m, p + 4*m - 34 = 90. What is the highest common divisor of 12 and p?
12
Let k = -61 + 134. Let q = k - 63. What is the greatest common factor of 25 and q?
5
Let d = 569 - 491. Calculate the highest common divisor of 650 and d.
26
Let w be (-64)/48*((-9)/(-6) + -3). Let a = -6 + 9. Calculate the highest common factor of a and w.
1
Let k be 44/(-66)*((-110)/2 + -2). Let t be k/6 - (-12)/18. Suppose -p + x + 30 = -28, -2*x - 4 = 0. Calculate the greatest common divisor of p and t.
7
Suppose -57 + 6 = -3*f. What is the greatest common divisor of 1751 and f?
17
Suppose -70*w + 4*c = -69*w - 87, -2*w + c = -174. What is the highest common factor of w and 30?
3
Let r(o) = -o**2 + 9*o + 5. Let y be r(5). Suppose -3*a + 625 = 2*a. What is the greatest common factor of a and y?
25
Let s = -110 - -238. What is the highest common factor of s and 48?
16
Let z be 95744/816*(12 + (2 - 2)). What is the greatest common divisor of z and 11?
11
Suppose 5*a = -2*t + 60, 0 = -5*a - 3*t - t + 50. Suppose -5*f + a + 6 = 0. Suppose -6*q + f*q = -50. Calculate the highest common factor of 125 and q.
25
Let k be ((-18)/12*-1)/(1/18). Suppose -5*p + 99 = -3*j, -p + 2*j = j - 21. Calculate the greatest common factor of k and p.
9
Suppose 5*l - 4*y = -10, 5*l + 3*y + 35 = 2*y. Let p be (-4)/7*147/l. What is the highest common factor of 28 and p?
14
Let r(h) = h**3 + 6*h**2 + 3*h - 6. Let f = -19 + 14. Let q be r(f). Let n be q - -3*3/9. Calculate the greatest common divisor of n and 2.
1
Let q = -380 - -566. Suppose -8*d + q = -518. What is the highest common factor of 11 and d?
11
Suppose 0 = -5*n + 10*n. Let q be ((2 - n) + 